mainder when 8979 is divided by 691.
687
What is the remainder when 67845 is divided by 257?
254
What is the remainder when 381932 is divided by 219?
215
What is the remainder when 10898 is divided by 948?
470
Calculate the remainder when 474615 is divided by 164.
163
Calculate the remainder when 29885 is divided by 3320.
5
Calculate the remainder when 36517 is divided by 11.
8
What is the remainder when 495158 is divided by 21?
20
What is the remainder when 11638 is divided by 333?
316
What is the remainder when 292328 is divided by 155?
153
What is the remainder when 621310 is divided by 1027?
1002
What is the remainder when 33754 is divided by 3?
1
Calculate the remainder when 12208 is divided by 12090.
118
What is the remainder when 3710 is divided by 163?
124
Calculate the remainder when 592 is divided by 73.
8
Calculate the remainder when 29423 is divided by 633.
305
Calculate the remainder when 1515 is divided by 39.
33
Calculate the remainder when 45318 is divided by 15105.
3
Calculate the remainder when 152770 is divided by 50921.
7
What is the remainder when 3852 is divided by 228?
204
Calculate the remainder when 3704 is divided by 15.
14
What is the remainder when 168411 is divided by 134?
107
Calculate the remainder when 10078 is divided by 134.
28
What is the remainder when 463 is divided by 171?
121
What is the remainder when 354756 is divided by 124?
116
What is the remainder when 1914 is divided by 36?
6
What is the remainder when 16415 is divided by 446?
359
Calculate the remainder when 34367 is divided by 3436.
7
What is the remainder when 25783 is divided by 447?
304
What is the remainder when 4146 is divided by 912?
498
Calculate the remainder when 96328 is divided by 195.
193
Calculate the remainder when 512859 is divided by 512848.
11
Calculate the remainder when 39814 is divided by 866.
844
Calculate the remainder when 1034 is divided by 176.
154
What is the remainder when 7284 is divided by 51?
42
What is the remainder when 1264 is divided by 295?
84
What is the remainder when 57715 is divided by 595?
0
What is the remainder when 181515 is divided by 96?
75
What is the remainder when 76678 is divided by 767?
745
What is the remainder when 1091 is divided by 157?
149
What is the remainder when 383 is divided by 113?
44
Calculate the remainder when 15573 is divided by 47.
16
Calculate the remainder when 25648 is divided by 13.
12
Calculate the remainder when 5977 is divided by 113.
101
What is the remainder when 1662612 is divided by 20?
12
What is the remainder when 23853 is divided by 3974?
9
Calculate the remainder when 46689 is divided by 15.
9
Calculate the remainder when 491965 is divided by 16964.
9
What is the remainder when 4355 is divided by 6?
5
Calculate the remainder when 59315 is divided by 266.
263
What is the remainder when 83180 is divided by 199?
197
Calculate the remainder when 819535 is divided by 45.
40
Calculate the remainder when 331773 is divided by 23.
21
Calculate the remainder when 22838 is divided by 4565.
13
What is the remainder when 729706 is divided by 4146?
10
Calculate the remainder when 44926 is divided by 624.
622
What is the remainder when 1305 is divided by 258?
15
What is the remainder when 44548 is divided by 14848?
4
Calculate the remainder when 6184 is divided by 41.
34
What is the remainder when 86885 is divided by 34?
15
What is the remainder when 11995 is divided by 10?
5
What is the remainder when 76492 is divided by 61?
59
What is the remainder when 94498 is divided by 210?
208
What is the remainder when 52718 is divided by 19?
12
What is the remainder when 360 is divided by 92?
84
What is the remainder when 44695 is divided by 7431?
109
What is the remainder when 8034 is divided by 149?
137
What is the remainder when 1366 is divided by 99?
79
What is the remainder when 10332 is divided by 18?
0
Calculate the remainder when 34230 is divided by 1225.
1155
Calculate the remainder when 4173 is divided by 36.
33
Calculate the remainder when 17732 is divided by 981.
74
What is the remainder when 92058 is divided by 45860?
338
What is the remainder when 6216593 is divided by 354?
353
Calculate the remainder when 200084 is divided by 8.
4
What is the remainder when 24730 is divided by 1892?
134
What is the remainder when 3596 is divided by 32?
12
What is the remainder when 41193 is divided by 93?
87
What is the remainder when 2259 is divided by 570?
549
What is the remainder when 9646 is divided by 3166?
148
Calculate the remainder when 9292 is divided by 453.
232
What is the remainder when 13750 is divided by 9?
7
What is the remainder when 10990 is divided by 10881?
109
Calculate the remainder when 27756 is divided by 11.
3
Calculate the remainder when 361316 is divided by 20.
16
What is the remainder when 209 is divided by 84?
41
Calculate the remainder when 37880 is divided by 296.
288
Calculate the remainder when 78 is divided by 23.
9
What is the remainder when 1688 is divided by 285?
263
Calculate the remainder when 4091 is divided by 183.
65
What is the remainder when 1166179 is divided by 388720?
19
Calculate the remainder when 980 is divided by 122.
4
Calculate the remainder when 272251 is divided by 1243.
34
Calculate the remainder when 95072 is divided by 6.
2
Calculate the remainder when 2619 is divided by 2601.
18
What is the remainder when 3075 is divided by 510?
15
Calculate the remainder when 1010890 is divided by 61.
59
Calculate the remainder when 164 is divided by 163.
1
What is the remainder when 88079 is divided by 120?
119
What is the remainder when 32155 is divided by 201?
196
Calculate the remainder when 1447 is divided by 212.
175
Calculate the remainder when 16039 is divided by 30.
19
Calculate the remainder when 316967 is divided by 727.
722
Calculate the remainder when 282921 is divided by 1951.
26
Calculate the remainder when 220686 is divided by 63.
60
What is the remainder when 8971 is divided by 256?
11
Calculate the remainder when 62800 is divided by 35.
10
Calculate the remainder when 64566 is divided by 389.
381
What is the remainder when 49682 is divided by 2479?
102
What is the remainder when 448584 is divided by 1068?
24
What is the remainder when 1803 is divided by 791?
221
Calculate the remainder when 788179 is divided by 1068.
1063
What is the remainder when 1588 is divided by 1097?
491
Calculate the remainder when 42847 is divided by 14233.
148
What is the remainder when 6383 is divided by 114?
113
Calculate the remainder when 380415 is divided by 5211.
12
What is the remainder when 2317 is divided by 2314?
3
What is the remainder when 32055 is divided by 912?
135
What is the remainder when 945675 is divided by 315221?
12
What is the remainder when 35462 is divided by 3541?
52
Calculate the remainder when 10975 is divided by 143.
107
What is the remainder when 26410 is divided by 5281?
5
Calculate the remainder when 34300 is divided by 833.
147
What is the remainder when 468044 is divided by 109?
107
What is the remainder when 3870 is divided by 123?
57
Calculate the remainder when 62017 is divided by 158.
81
What is the remainder when 129883 is divided by 9276?
19
What is the remainder when 23459 is divided by 561?
458
Calculate the remainder when 70394 is divided by 828.
14
What is the remainder when 250905 is divided by 164?
149
Calculate the remainder when 39646 is divided by 96.
94
What is the remainder when 1908 is divided by 944?
20
What is the remainder when 7888 is divided by 20?
8
What is the remainder when 22309 is divided by 421?
417
Calculate the remainder when 4546 is divided by 1104.
130
Calculate the remainder when 50562 is divided by 1629.
63
What is the remainder when 20884 is divided by 100?
84
What is the remainder when 29355 is divided by 66?
51
Calculate the remainder when 116884 is divided by 42.
40
Calculate the remainder when 19295 is divided by 36.
35
Calculate the remainder when 189999 is divided by 15.
9
Calculate the remainder when 2821 is divided by 927.
40
What is the remainder when 40102 is divided by 13355?
37
Calculate the remainder when 1095 is divided by 247.
107
Calculate the remainder when 11650 is divided by 51.
22
Calculate the remainder when 9054 is divided by 168.
150
Calculate the remainder w